152. Let d(q) = 9*q**2 + 43*q + 11. Is d(o) prime?
True
Suppose 9*q = 3*q + 71964. Let f = q + -6236. Is f a prime number?
False
Let w = 128 + -119. Suppose w*g + 2498 = 11*g. Is g prime?
True
Suppose -27 = -m + 47. Let p = m + -207. Is 3/((-3)/p) + 7 + -6 prime?
False
Let i(g) = -g**3 + 9*g**2 + 16*g - 25. Let q be i(10). Let s(y) = y - 18 + 15*y**3 - 16 + q + y**2. Is s(2) a prime number?
True
Let z be (-18)/(-6) - -1*2. Let a be (10/(-8))/(((-20)/z)/(-32)). Is 1149/10 + a/(-100) prime?
False
Let i = -372 - -781. Suppose x - 1126 = -3*r - i, 0 = -5*r + 2*x + 1195. Suppose -b + 240 = -r. Is b a composite number?
False
Let y(h) = 231*h**2 - 2570*h + 32. Is y(21) a composite number?
False
Suppose -7712 = -6*n + 64738. Suppose 5*o + u - 12060 = 0, 10*o - 15*o + n = -2*u. Is o composite?
True
Suppose 278*f - 1168 = 276*f. Let i = f + -366. Is i a prime number?
False
Is (-6940)/15*(-113622)/232 a composite number?
True
Let u = -22532 - -40833. Is u prime?
True
Suppose 277*b + 15088511 - 47685040 = 0. Is b prime?
False
Suppose 10*g = 4*g + 102. Let l(a) be the third derivative of a**6/120 - 7*a**5/30 - 25*a**4/24 + a**3/2 - 13*a**2. Is l(g) a composite number?
True
Let z = -153 - -153. Suppose -3*p + 3*g + 1551 = z, 0 = 5*p - 3*g - 1886 - 707. Is p a prime number?
True
Suppose -3*k = m - 19, 5*k = 3*m - 5*m + 39. Suppose 11*x - m*x + 44 = 0. Suppose 4*j - 626 = j + 4*i, -5*j = -x*i - 1030. Is j a prime number?
False
Let r(h) = h**2 + 10*h - 5. Let a be r(7). Let g(o) = -2*o + 6. Let f be g(7). Let x = f + a. Is x a composite number?
True
Suppose -192098 = -19*w - 27596. Let d(b) = 824*b + 5. Let m be d(-6). Let j = m + w. Is j composite?
False
Let m be -3 + 1 - -3 - -15. Let a = -92 - -92. Is a + 10770/m + 30/(-240) prime?
True
Suppose -48*i + 44*i = -99852. Suppose -356 = 11*h - i. Is h a prime number?
True
Suppose 71*l = 5*l - 84*l + 39942150. Is l composite?
False
Let o = -3926 - -1890. Let l = o + 4139. Suppose 0 = 6*n - 9*n + l. Is n composite?
False
Let a(p) = -p - 5. Let u be a(-5). Let y be 104 + -9 + 14 + -3. Suppose -l + u*l + y = 0. Is l prime?
False
Let y be (-993)/(3 + -6)*2/2. Suppose -3*n - 315 = -5*d + 2*n, -5*d - 3*n = -y. Let l = -16 + d. Is l a composite number?
True
Let n = -738 - -2896. Suppose -n = 9*a + 4826. Let y = a - -1165. Is y prime?
True
Let h(r) be the first derivative of 1/4*r**4 + 5/2*r**2 + 15 - 4/3*r**3 + 13*r. Is h(6) a prime number?
False
Let r(h) = 6821*h**2 - 9*h + 11. Let k be r(1). Let q = k + -3722. Is q a prime number?
False
Suppose 4*n - 30*n = -2668614 - 2542072. Is n prime?
False
Suppose -2*l = -4*u - 4016, 0 = -2*u + 7*u - l + 5023. Suppose -5*d - 25*d - 180 = 0. Is (u/d + (-2 - 0))*2 composite?
False
Let u(r) = 1835 - r**2 - 1838 - r**2 - 2*r - 4*r**3. Let y be u(-2). Suppose y*t - 30*t = -1265. Is t a prime number?
False
Suppose 3*n = -59 + 44. Let l be (146 - -1)/((-7)/(-2) + n). Let v = l + 289. Is v a composite number?
False
Suppose 23*z + 453651 = 34*z. Suppose 3*j - 3*i + z = 6*j, -2*i = -3*j + 41261. Is j a composite number?
False
Is (1430/(-104) + 14)*(123724 - 0) a composite number?
False
Let o(j) = 3977*j**2 - 182*j + 1097. Is o(6) prime?
True
Is (9 + -6)*(-728872)/(-24) a composite number?
True
Let x(f) = f**3 - 24*f**2 + 61*f - 30. Let y be x(23). Let c = y + 1039. Is c a composite number?
True
Let x be -1 - -2 - (29 + -26). Let r(o) = -132*o - 13. Is r(x) prime?
True
Suppose -v + 65 = q - 3*v, v = -4*q + 224. Suppose 3*b = -48 + q. Suppose -29 = 3*h + a - 1192, -h + 377 = b*a. Is h a composite number?
False
Let w(p) = 3*p**3 + 268*p**2 + 44*p + 67. Is w(-44) prime?
True
Let c = 184598 - 103565. Is c composite?
True
Suppose -248*k + 3 = -247*k, 0 = -j - 2*k + 953735. Is j a prime number?
False
Suppose 32*g - g = 544577. Is g a composite number?
True
Let m = 1222 + -401. Suppose -6*x + 4105 = 5*n - 2*x, -2*x - m = -n. Is n composite?
False
Is 8/384*12*1*657884 a composite number?
False
Is 476969 + 15 + -11 + 4/(-3 - -4) composite?
False
Suppose 71*k = 4759983 + 24246757 - 4625269. Is k a prime number?
False
Suppose -217437643 = -223*n + 165941058. Is n composite?
False
Let a be -2*2 + (7 - (-21377 + -1)). Let m = a - 12160. Is m a composite number?
False
Let k = 707777 - 424474. Is k a composite number?
False
Let q be 5 + (2 - 8) + (-1)/1. Is q/(-6)*(12 + 1659) a composite number?
False
Let f(s) = -16*s**2 + 65*s + 55. Let d(u) = -3*u**2 + 13*u + 11. Let w(m) = -11*d(m) + 2*f(m). Let q be w(12). Let t = -14 - q. Is t prime?
False
Suppose -49*t - 133011 + 784270 = 0. Is t composite?
False
Let i be -28 + 32 - 9872/(-2). Let u = i + -258. Is u a prime number?
False
Let m be 2 + -1 - 7/((-14)/(-148)). Let i = m + 125. Suppose -b = d - 343 + i, 3*b + 1487 = 5*d. Is d composite?
True
Is 41711/(-4)*(2 - 6) + -4 composite?
True
Is 13 - 5 - -1 - -351137 composite?
True
Is (1390 - 3) + (-8 - -6 - (-15 + 19)) a composite number?
False
Suppose -452680 - 379954 = -11*n. Is n a composite number?
True
Suppose 0*g - 8*g = -2*g. Suppose g = 4*n - j - 1, 5*n = -5*j - 30. Let d(s) = -92*s - 3. Is d(n) prime?
True
Suppose -g + 2*r + 2434 = 0, -2*g + 2*r + 4848 = 3*r. Let y = g + -1260. Suppose 0 = 4*z - 2*z - y. Is z a composite number?
True
Let p(k) = 4160*k**2 - 153*k - 1371. Is p(-10) prime?
True
Suppose 5*d - 3422 + 17797 = 0. Let b = 9310 - d. Is b a composite number?
True
Suppose b + 2*b = 1260. Suppose 3*m + 2139 = -5*a + m, -3*m = a + b. Let x = 478 - a. Is x a prime number?
True
Let b(i) = i**3 - 8*i**2 - 2*i - 11. Let l be b(-8). Let q = 854 - l. Let m = 3510 - q. Is m composite?
False
Suppose 0 = n + 4, 2*x + 4 = 6*n - 4*n. Let f be 28/x*5*-6. Is (-21792)/(-10) + 7/f*-4 a prime number?
True
Let h(l) = -140327*l - 2627. Is h(-4) prime?
False
Let x(h) = -h**3 + 2*h**2 + h + 188. Let u be x(0). Suppose 3*b + u - 521 = 0. Is b prime?
False
Let k(n) = 3196*n + 1535. Is k(18) prime?
True
Let y be (39 + -54)*(1 + 4/(-3)). Let v(p) = 10*p**2 - 8*p - 4. Let g be v(y). Let w = g - -125. Is w prime?
True
Suppose -3*z = -5*z + 178. Suppose 5*g - 218 + 3 = -5*q, 2*q - z = -3*g. Suppose -y + 183 = q. Is y a composite number?
True
Suppose 0*f + 4*o = 5*f - 354533, 4*f - 283626 = 3*o. Suppose f = 13*t + 2*t. Is t a composite number?
True
Let u(w) = -w**3 + 3*w**2 + 10*w - 24. Let i be u(2). Suppose -16*l + 2*l + 8722 = i. Is l prime?
False
Let k(g) = -96*g**3 - 32*g**2 - 121*g - 8. Is k(-9) a composite number?
False
Let j(p) = -3*p - 31. Let f be j(-13). Suppose -4*s - 3*x = -7*x + f, -s - 3*x = 6. Is (-4)/2 - 3459/s a composite number?
False
Let x = 203887 - -28932. Is x prime?
True
Suppose -23*y = -26*y + 6. Suppose -4*j = -11 - 5, y*o - 3006 = 4*j. Is o a prime number?
True
Suppose -i - 12 = -5*i + 4*f, -5*i - 3 = f. Suppose i = 10*l - 11*l + 5055. Is (-3)/18*-2*l a composite number?
True
Suppose 4*b - 2243 = 5185. Let y = b - 900. Suppose 5*g - y = 2*g. Is g prime?
False
Let q(j) = 6104*j - 7285. Is q(79) composite?
False
Suppose f = -4*t + 25, -4*f + t = -f - 10. Suppose f*l + 19 = q, -5*q + 10 = -4*l - 22. Suppose r + 4*p = -p + 2056, p = -q*r + 8205. Is r prime?
False
Suppose 2*q - 4856 = 2*v, 2*v + 4*q + 3537 = -1289. Let d = v + 4372. Is d composite?
False
Let u be (-337491)/(-42) - (3/(-2))/3. Suppose 12*l - u - 43384 = 0. Suppose -4*c = -16, -2*c + l = 5*d + 3*c. Is d a prime number?
True
Let w(x) = 1957*x - 2407. Is w(8) a prime number?
True
Suppose b = n - 13, 29 - 2 = 3*n + b. Suppose 2*a = n, -3*w - 3*a - 2*a = -31. Suppose -o + 0*o + 757 = -2*l, 2*o - w*l = 1506. Is o prime?
False
Suppose 0 = 3*y - y - 406. Let o = 714 + y. Let k = o + 1670. Is k a composite number?
True
Suppose 5*v = 700109 + 4554686. Suppose 29*r - v = -44688. Is r composite?
True
Let w(f) be the first derivative of 97*f**3/3 - f**2/2 + 3*f + 1. Suppose 0 = -16*d + 19*d + 2*r + 4, 0 = 5*d + 3*r + 5. Is w(d) prime?
True
Is -159386*76/(-171) + (-2)/9 a composite number?
True
Suppose -7 = -n + z, 3*n - 6*n + 23 = -5*z. Suppose -10*j + n*j + 11256 = 0. Suppose -j = -14*f - 1036. Is f a composite number?
False
Let y(p) = -31*p**2 - 113*p - 44. Let z(f) = 10*f**2 + 38*f + 15. Let i(b) = 2*y(b) + 7*z(b). Is i(-21) a prime number?
False
Let i(v) = -367*v + 30. Let y(z) = z + 1. Let c(h) = -i(h) + 4*y(h). Is c(17) prime?
False
Suppose